{"id":753,"date":"2017-05-24T23:07:18","date_gmt":"2017-05-24T21:07:18","guid":{"rendered":"http:\/\/www.mudokwan.at\/mudowp\/?page_id=753"},"modified":"2025-06-06T20:11:14","modified_gmt":"2025-06-06T18:11:14","slug":"trainingsreisen","status":"publish","type":"page","link":"https:\/\/www.mudokwan.at\/mudowp\/trainingsreisen\/","title":{"rendered":"Trainingsreisen"},"content":{"rendered":"<div id=\"pl-753\"  class=\"panel-layout\" ><div id=\"pg-753-0\"  class=\"panel-grid panel-has-style\" ><div style=\"padding: 0px 0; \" class=\"panel-row-style panel-row-style-for-753-0\" ><div id=\"pgc-753-0-0\"  class=\"panel-grid-cell\" ><div id=\"panel-753-0-0-0\" class=\"so-panel widget widget_sow-editor panel-first-child panel-last-child\" data-index=\"0\" ><div\n\t\t\t\n\t\t\tclass=\"so-widget-sow-editor so-widget-sow-editor-base\"\n\t\t\t\n\t\t><h3 class=\"widget-title\">Trainingsreisen<\/h3>\n<div class=\"siteorigin-widget-tinymce textwidget\">\n\t<p><a href=\"https:\/\/mudoinfo.files.wordpress.com\/2015\/03\/openingr.jpg\" target=\"_blank\" rel=\"noopener\"><img fetchpriority=\"high\" fetchpriority=\"high\" decoding=\"async\" class=\"alignleft wp-image-62 size-medium\" src=\"https:\/\/mudoinfo.files.wordpress.com\/2015\/03\/openingr.jpg?w=252&amp;h=300\" sizes=\"(max-width: 252px) 100vw, 252px\" alt=\"openingR\" width=\"252\" height=\"300\" data-attachment-id=\"62\" data-permalink=\"https:\/\/mudoinfo.wordpress.com\/trainingsreisen\/openingr\/#main\" data-orig-file=\"https:\/\/mudoinfo.files.wordpress.com\/2015\/03\/openingr.jpg\" data-orig-size=\"485,577\" data-comments-opened=\"1\" data-image-meta=\"{&quot;aperture&quot;:&quot;0&quot;,&quot;credit&quot;:&quot;&quot;,&quot;camera&quot;:&quot;&quot;,&quot;caption&quot;:&quot;&quot;,&quot;created_timestamp&quot;:&quot;0&quot;,&quot;copyright&quot;:&quot;&quot;,&quot;focal_length&quot;:&quot;0&quot;,&quot;iso&quot;:&quot;0&quot;,&quot;shutter_speed&quot;:&quot;0&quot;,&quot;title&quot;:&quot;&quot;,&quot;orientation&quot;:&quot;0&quot;}\" data-image-title=\"openingR\" data-image-description=\"\" data-medium-file=\"https:\/\/mudoinfo.files.wordpress.com\/2015\/03\/openingr.jpg?w=252&amp;h=300\" data-large-file=\"https:\/\/mudoinfo.files.wordpress.com\/2015\/03\/openingr.jpg?w=485\" \/><\/a>Seit vielen Jahren veranstalten wir Trainingsreisen nach Korea. Die ersten Trainingsaufenthalte organisierten wir in den Achtzigerjahren des vorigen Jahrhunderts. Damals war Korea noch wirklich ein exotisches Land und wer zum Taekwondo-Training dorthin fuhr, konnte was erleben.<\/p>\n<p class=\"bodytext\">Mehrmals waren wir in Mangyeong an der Westk\u00fcste Koreas und trainierten mit der Landesauswahl von Cheolla-bukdo, die sich auf die koreanischen Meisterschaften vorbereitete. Zu dieser Zeit waren die Umst\u00e4nde des Trainings noch sehr \u2013 \u00e4hm \u2013 rustikal. Klimaanlage? Gab\u2019s nicht. Bei jedem Training verlor man mehrere Kilo Fl\u00fcssigkeit (nat\u00fcrlich waren wir im Sommer dort, in der hei\u00dfesten Zeit). Duschen? Ein Teekessel voll lauwarmen Wasser nach dem Training\u00a0\u00fcber den R\u00fccken und dann ab in den See. Aber das Training war einzigartig! Nicht nur einmal klappte einer unserer europ\u00e4ischen G\u00e4ste zusammen und musste wiederbelebt werden.<\/p>\n<p class=\"bodytext\">Heute sind die koreanischen Universit\u00e4ten und Sportclubs oft besser ausgestattet als in \u00d6sterreich und man muss kaum Abstriche von der gewohnten Bequemlichkeit hinnehmen. Was gleich geblieben ist: die enorme Gastfreundschaft und die hohe Qualit\u00e4t der koreanischen Trainingspartner.<\/p>\n<p class=\"bodytext\"><a href=\"http:\/\/www.mudokwan.at\/mudowp\/korea-2022\/\">Zu unserer aktuellen Trainingsreise bitte hier klicken<\/a>.<\/p>\n<p class=\"bodytext\">Berichte von vergangenen Trainingsreisen bitte in der Titelzeile unter \u201e<strong>Trainingsreisen<\/strong>\u201c\u00a0ausw\u00e4hlen.<\/p>\n<p><b>Training und Sightseeing \u2013 kein Widerspruch<\/b><br \/>\nUnsere Trainingsreisen richten sich nicht nur an Hardcore-Wettk\u00e4mpfer. \u00dcberwiegend sind es Hobbysportler, die daran teilnehmen, oft sogar mit ihren Familienangeh\u00f6rigen, die nicht Taekwondo betreiben. Das Reiseprogramm ist daher darauf abgestimmt, m\u00f6glichst viel von Land und Leuten kennen zu lernen. Nat\u00fcrlich steht das Kukkiwon in Seoul immer auf dem Programm, aber auch ber\u00fchmte Sehensw\u00fcrdigkeiten wie der Kaiserpalast oder bekannte Tempelanlagen.<\/p>\n<p>Daneben besuchen wir aber auch Orte, an die man als \u201egew\u00f6hnlicher Tourist\u201c nicht so leicht kommt und durch unsere guten Kontakte haben wir Zugang zu koreanischen Institutionen und Familien und lernen die typisch koreanische Gastfreundschaft kennen.<\/p>\n<p>Wer sich also f\u00fcr unsere n\u00e4chste Trainingsreise interessiert, <a href=\"mailto:office@mudokwan.at\">sollte umgehend mit uns Kontakt aufnehmen<\/a>.<\/p>\n<\/div>\n<\/div><\/div><\/div><\/div><\/div><\/div>","protected":false},"excerpt":{"rendered":"<p>Seit vielen Jahren veranstalten wir Trainingsreisen nach Korea. Die ersten Trainingsaufenthalte organisierten wir in den Achtzigerjahren des vorigen Jahrhunderts. Damals war Korea noch wirklich ein exotisches Land und wer zum Taekwondo-Training dorthin fuhr, konnte was erleben. Mehrmals waren wir in Mangyeong an der Westk\u00fcste Koreas und trainierten mit der Landesauswahl von Cheolla-bukdo, die sich auf [&hellip;]<\/p>\n","protected":false},"author":1,"featured_media":0,"parent":0,"menu_order":0,"comment_status":"closed","ping_status":"closed","template":"page-templates\/page_fullwidth.php","meta":{"footnotes":""},"class_list":["post-753","page","type-page","status-publish","hentry"],"_links":{"self":[{"href":"https:\/\/www.mudokwan.at\/mudowp\/wp-json\/wp\/v2\/pages\/753","targetHints":{"allow":["GET"]}}],"collection":[{"href":"https:\/\/www.mudokwan.at\/mudowp\/wp-json\/wp\/v2\/pages"}],"about":[{"href":"https:\/\/www.mudokwan.at\/mudowp\/wp-json\/wp\/v2\/types\/page"}],"author":[{"embeddable":true,"href":"https:\/\/www.mudokwan.at\/mudowp\/wp-json\/wp\/v2\/users\/1"}],"replies":[{"embeddable":true,"href":"https:\/\/www.mudokwan.at\/mudowp\/wp-json\/wp\/v2\/comments?post=753"}],"version-history":[{"count":15,"href":"https:\/\/www.mudokwan.at\/mudowp\/wp-json\/wp\/v2\/pages\/753\/revisions"}],"predecessor-version":[{"id":3406,"href":"https:\/\/www.mudokwan.at\/mudowp\/wp-json\/wp\/v2\/pages\/753\/revisions\/3406"}],"wp:attachment":[{"href":"https:\/\/www.mudokwan.at\/mudowp\/wp-json\/wp\/v2\/media?parent=753"}],"curies":[{"name":"wp","href":"https:\/\/api.w.org\/{rel}","templated":true}]}}