{"id":985,"date":"2017-05-26T10:26:58","date_gmt":"2017-05-26T08:26:58","guid":{"rendered":"http:\/\/www.mudokwan.at\/mudowp\/?page_id=985"},"modified":"2025-06-06T20:11:14","modified_gmt":"2025-06-06T18:11:14","slug":"china-nordkorea-suedkorea-2013","status":"publish","type":"page","link":"https:\/\/www.mudokwan.at\/mudowp\/trainingsreisen\/china-nordkorea-suedkorea-2013\/","title":{"rendered":"China &#8211; Nordkorea &#8211; S\u00fcdkorea 2013"},"content":{"rendered":"<div id=\"pl-985\"  class=\"panel-layout\" ><div id=\"pg-985-0\"  class=\"panel-grid panel-has-style\" ><div style=\"padding: 0px 0; \" class=\"panel-row-style panel-row-style-for-985-0\" ><div id=\"pgc-985-0-0\"  class=\"panel-grid-cell\" ><div id=\"panel-985-0-0-0\" class=\"so-panel widget widget_sow-editor panel-first-child panel-last-child\" data-index=\"0\" ><div\n\t\t\t\n\t\t\tclass=\"so-widget-sow-editor so-widget-sow-editor-base\"\n\t\t\t\n\t\t><h3 class=\"widget-title\">China - Nordkorea - S\u00fcdkorea 2013<\/h3>\n<div class=\"siteorigin-widget-tinymce textwidget\">\n\t<h5><span style=\"color: #ff0000;\">Eine Trainingsreise der besonderen Art!<\/span><\/h5>\n<p>Das war noch nie da: normalerweise f\u00fchren uns unsere Trainingsreisen nach S\u00fcdkorea, wo wir exzellente Verbindungen haben und Land und Leute sehr gut kennen. In der Vergangenheit waren wir auch in China, wo wir verschiedene St\u00e4dte und ber\u00fchmte Sehensw\u00fcrdigkeiten besuchten. Gro\u00dfmeister Chen Shihong hat uns die T\u00fcren in den weltber\u00fchmten Shaolin-Tempel ge\u00f6ffnet und wir konnten gemeinsam mit den M\u00f6nchen im Tempel Taekwondo vorf\u00fchren.<\/p>\n<p>Vom 15. bis 31. August 2013 besuchten wir drei L\u00e4nder, wie sie unterschiedlicher nicht sein k\u00f6nnen: China, Nordkorea und S\u00fcdkorea. Nordkorea ist\u00a0ein besonderes Land. Die Teilung nach dem Koreakrieg f\u00fchrte zu uns\u00e4glichem Leid in der Bev\u00f6lkerung und bis heute existiert eine Grenze zwischen Nord- und S\u00fcdkorea, die zu den gef\u00e4hrlichsten Orten der Welt z\u00e4hlt. In Nordkorea existiert\u00a0ein f\u00fcr uns bizarrer F\u00fchrerkult und man liest schreckliche Dinge \u00fcber dieses Land, das trotzdem ein Teil Koreas ist. Dieses Land zu besuchen und mit eigenen Augen zu sehen, wie man dort lebt war ein ganz besonderes Erlebnis. Eine Reise zu organisieren, die sowohl nach Nordkorea als auch nach S\u00fcdkorea f\u00fchrt \u2013 mit einigen Tagen Aufenthalt in China \u2013 war nicht ganz einfach sondern eine Herausforderung.<\/p>\n<p>Das Highlight in Nordkorea war\u00a0das Arirang Festival in Pyongyang, eine imposante Show mit tausenden Akteuren, die in ungew\u00f6hnlich bunten Massenauftritten die Errungenschaften ihres Staates darstellten. Dieses Festival findet jedes Jahr in Pyongyang statt und ist der H\u00f6hepunkt vieler Gruppenreisen nach Nordkorea.<\/p>\n<p>Unsere Reise f\u00fchrte zuerst nach Beijing, wo wir einige Tage blieben, dann nach Nordkorea, wo wir ein\u00a0gef\u00fchrtes Besuchsprogramm durchf\u00fchrten und als H\u00f6hepunkt das Arirang Festival besuchten und danach f\u00fcr etwa eine Woche nach S\u00fcdkorea. Dort machten\u00a0wir von Seoul aus eine kleine Rundfahrt durch das Land.<\/p>\n<p>\u00a0<\/p>\n<h5><span style=\"color: #ff0000;\">Reisetagebuch<\/span><\/h5>\n<p>Am 13. August flog Dr. Mosch nach Seoul voraus um dort alles f\u00fcr die Gruppe vorzubereiten, die zwei Tage sp\u00e4ter nachkam.<\/p>\n<p>\u00a0<\/p>\n<h5><span style=\"color: #ff0000;\">China<\/span><\/h5>\n<p>Treffpunkt war der Transitbereich im Flughafen Incheon, von wo es gleich nach Beijing weiterging. Nach unserer Ankunft in Beijing ging es direkt ins Hotel. Das Dajing Hotel liegt etwas au\u00dferhalb vom Stadtzentrum aber bot sehr gute Qualit\u00e4t. Am ersten Tag fuhren wir mit der U-Bahn zum Himmelstempel und anschlie\u00dfend ging es zu Fu\u00df zum Tien An Men-Platz.<\/p>\n<p><img fetchpriority=\"high\" fetchpriority=\"high\" decoding=\"async\" class=\"SzDcob\" src=\"https:\/\/lh3.googleusercontent.com\/ncMMzDSaMr4u5ByvptAzCQ3ApG9rEoi3_sy3Y2RvNZQIwX0Zu6iOcGCoG6T6-ZPXU3ILmMVjFVcZ21vOg3xqWeH5EiMQ4d7z-__oWitCJTvBzwmEcUpUq0OTQdVXAEU2nt17n0uNuS6A44uUK4Z6msCT1ubt24Tg5AjlYjJrdVyoWjLet4foxF111n5BLhLYoWhdCgtuE_QZBcLPEk1EwWhIAQCsA1DJUSe_2lDJCzidFvM-C6WMYHxrDUD2T67pf_wkG5CsQxT45Vm02mSTWoAtqOX_mgFrEEEadLWYafkpv6iHbkPNaKp85tqAcrqRhH1JWc8tWz1PpZN0YPiHQLQuAWJte7jLvFu7ZfxGRLLmT8IimVGUsoI7hneritPUf2Z9siymxq1SfiKVsCvg-RYoV7uGUO841n_dCVfHZ_2HB9E_noFcZhReh4ED2bm1-0s5eJVTptHFgMPcU-vtJZzsdju2V7V6u5h8biW65nns-54aNzDrAowaNZHriqHsmx3rzCLyxWPvn1AmfZD8VwGw4iyQ7Bno6BhGTWM4T2fGZtWuGEfawGg4Q6kuWrlQURnkN4BLvhapu7ByBMxFKfmVaOaCTRta9bgskbRnWaw_aGXqMKLA=w640-h427-no\" width=\"640\" height=\"427\" \/><\/p>\n<p><img decoding=\"async\" class=\"SzDcob\" src=\"https:\/\/lh3.googleusercontent.com\/jXzPmLutXJQJ15YJUA6GgdqcPOYxuCYXF5vmLr7HW3olGTSabMxCdJSlw8KOzidx6208U6zzy63METYnTbrtEg9vNpGImwE4RbEQGHShMiA541lUABvdO0UrZFFVVS7pFtsN-K7uYzujmxNVdfaX7O4Qf-J9roKyHy3Gf89wQXBcA8xcd1wOEACYZspZD6RSasGu98Gn0EUqGB45ZsaAvB5F1RgSKsSoZIVKSfxEfyh9CFb9p2wPR1SJB5oxniXOCFf5AB6-Z3Q2sE7DXfSbDdHuiP3CM1MoOdW9qDV4_EkJmXltVeDE0O4_54C9sr3L1lnsIxMOBzIea17k7fKXW95xXJuxJzeUGxpl4juFuofjKxPpOJ0byO55jdYA7nCLJGfJUgfhIw_tmlRF12PI17vGHH3GmTo2jFyGWVe1zYrnZ2SqF0sjw1VA584RdUO4PkpFI3KWBRazKoAxWMn4CYPo7BQS9gLMZqzrSYLS-AV0qUhvjmy0OnhD1ZdCMB-gYEwQgwOh7NdNhuFwX8sswVffT0dRSJudqmINKK5mwohowsRtRrFNCVCVkHZws25Y6wwPT9ilZB1TwsZlGWJLER-bj7hJMxxJB5yaE7EHrsX3gprxRaEP=w640-h427-no\" width=\"640\" height=\"427\" \/><\/p>\n<p>Der n\u00e4chste Tag brachte wiederum ausgezeichnetes Wetter - keine Selbstverst\u00e4ndlichkeit in Beijing - und wir fuhren mit einem eigenen Bus ins Stadtzentrum. Der Kaiserpalast mit der verbotenen Stadt war das Hauptziel dieses Tages. Danach ging es zum bekannten Art District und nach Hu Tong. Zum Abendessen waren wir bei der Schwester von Meister Chen eingeladen.<\/p>\n<p>Am dritten Tag besuchten wir die Gro\u00dfe Mauer, aber diesmal an einer nicht so \u00fcberlaufenen Stelle. Mit dem Sessellift ging es hinauf und auf der Sommerrodelbahn wieder hinunter. Anschlie\u00dfend stand noch der Sommerpalast auf dem Programm. Den Abschluss bildete die wohl beste Pekingente der Welt gemeinsam mit unseren chinesischen F\u00fchrern und der Familie von Meister Chen.<\/p>\n<p>\u00a0<\/p>\n<h5><span style=\"color: #ff0000;\">Nordkorea<\/span><\/h5>\n<p>Mit gemischten Gef\u00fchlen flogen wir nach Nordkorea. Wir wurden sehr positiv \u00fcberrascht. Die Einreise gestaltete sich problemlos, unsere Reisef\u00fchrerinnen erwarteten uns und brachten uns zum Koryo Hotel.<\/p>\n<p>Nach erholsamer Nacht begannen wir das Besuchsprogramm: die verschiedenen Parteidenkm\u00e4ler und -bauten waren nat\u00fcrlich Pflicht, aber unsere Fremdenf\u00fchrerinnen erm\u00f6glichten zwei H\u00f6hepunkte: den Nationalzirkus und die Arirang Mass Games. Dieses Spektakel kann man nur in Nordkorea sehen und war der eigentliche Anlass f\u00fcr unseren Nordkorea-Besuch. Im 150000 Zuschauer fassenden Stadion zeigten etwa 100000 Teilnehmer faszinierende Massenszenen mit Tanz, Akrobatik und Laser- und Lichteffekten. Nat\u00fcrlich war es ein Propagandaspektakel aber einmalig in seiner Gigantomanie.<\/p>\n<p>Als Besonderheit wurde uns auch unser Extrawunsch erf\u00fcllt: wir konnten\u00a0den brandneuen Taekwondo-Palast von Pyongyang besuchen. Das Kukkiwon w\u00fcrde dort zirka dreimal hineinpassen, aber es ist nichts los, jedenfalls nicht als wir dort waren. Wir fuhren auch nach Nampho ans Gelbe Meer und nach Kaesong zur DMZ, wo sich Nord-und S\u00fcdkorea direkt gegen\u00fcberstehen. War schon etwas gespenstisch, aber auch die nordkoreanischen Soldaten waren ganz locker.<\/p>\n<p>Wie \u00fcberhaupt man sagen muss, dass die Bev\u00f6lkerung sehr nett und freundlich war und wir ausgezeichnet behandelt wurden. Nat\u00fcrlich war kein Schritt ohne Begleitung m\u00f6glich und so waren wir eigentlich ganz froh, wieder in Beijing zu landen.'<\/p>\n<p><img decoding=\"async\" class=\"SzDcob\" src=\"https:\/\/lh3.googleusercontent.com\/uZPeDg8IHBaitcbrLDxuSkMqzgtReFtJsRQLgUs3iCpce4czidwbbr4vRhQnOI-_aUm5xkNiHQOOgKYqV12L_XRujlinWPdtIXzgyFOzIYzQ-Ej1JvduZJ1qRCJqQwNfLhkEWrTtztF2TNEjqVE6Gpt2o4szCP1XlcPVOkHjRZG2r6M6qVfvrwhHtQLjFZkLIt6eM9LZjaw9qqXlhlIiTcfEgCRhOCWnEeYFzqRxDZVvC9ebjlN9wo3jmkMIcW4NyX6ashpkB_5toUIvyYNAEeQhqJO7hwJ3XZKI3CirA0o6PYemtB4P3iv8VTbwU4ecB-J5qWr2FE-Xrs6ycjeiiPBRG-CReAXKhpGRJxuL2-PsdmSvpgKg5LPe7JCihaNh2sWTLi_aIifN4_Wa6Iv2UcLzdVii_V6vtardniQA9s7OW30vgN0QbNzLO6bZZn3wcXh3pSFN9i1FVM_2WIuBbnVuKGR1MADTxVujTWiUi_CpcYpUItbdvL4TFeRCGtUYcmjj8uRZrUSOrRS0f3bN99P2de_XBUc2WlXGTluX6N5V1ryUKvm15mwvx98CrzINabOFnaf-fzuYOzVI9-WqHOyBfkDFEiRhBtichtktZP0K9NjdbwNt=w640-h427-no\" width=\"640\" height=\"427\" \/><\/p>\n<p>Arirang Games<\/p>\n<p>\u00a0<\/p>\n<h5><span style=\"color: #ff0000;\">S\u00fcdkorea<\/span><\/h5>\n<p><strong>Seoul - zweiter Tag<\/strong><\/p>\n<p>Nachdem wir endlich mal ausgeschlafen hatten fuhren wir mit unserem Mietwagen ins Art Noveau Hotel in Kangnam. Mittags besuchten wir kurz das Kukkiwon, wo gerade Massenpr\u00fcfungen der Kinder stattfanden. Danach gab es ein kleines koreanisches Mittagessen gleich ums Eck und anschlie\u00dfend stand ein Besuch im K\u00f6nigspalast und ein Abendbummel durch Insadong auf dem Programm.<\/p>\n<p>Morgen gibt es noch Termine im Kukkiwon und weitere Stadtbesichtigungen.<\/p>\n<p><strong>Gyeongju<\/strong><\/p>\n<p>Nach etwa f\u00fcnfst\u00fcndiger Autofahrt sind wir in Gyeongju angekommen. Der erste Weg f\u00fchrte uns zum Bulguksa und zur Sokkuram-Grotte. Danach ging es zum Hyundai Hotel, wo schon Professor Kim mit drei seiner Studenten wartete und uns zu einem fantastischen koreanischen Abendesse einlud. Am n\u00e4chsten Tag fuhren wir die etwa 200km nach Daejon, wo das Hanmadang 2013 stattfindet.<\/p>\n<p><img loading=\"lazy\" loading=\"lazy\" decoding=\"async\" class=\"SzDcob\" src=\"https:\/\/lh3.googleusercontent.com\/P-Zedi65kOkfiVJLCTJV41w6adYKrGfaZzbcElcx0cu0Qoq5SaZODstAvu43DA8j1S7FDF_mDtLfXyyeRI7h1oTAo_qcEm9IWnUWYoGy1JtP1Vo45teC9zp6eLB9Oz_pz0pI1vKLi4yDvbV7St4gobkr0F4632-dmdarFWHu_NLMdhMRiT8nckg4DU_oKlTG1xjRH-zsZ2NXbk5Pj6JnTt25PEk3uL_eDFDC7xDPy8hKvwmmI5_2wPm4hWngsNvbpECFtYiYsRoZePlg_cVpS0UPnk3qsPH2YmnhardhULkqCQYoIFvGM_LtG0knuzzuml9gKXl9Om7nHLOZDLek0cxhqMqBLFeK7i99hyGZP0-rtKBbCt24BX49CqahKtJkeV25onE29PuZ7GjMd9vtRFSAfR3iGguKL_4ae52OHA6ah03qEHXm7KSQD6iK1kVD7MHXLz3Cy7xKvkWSQ1LeBaT2DwV2gkJmLA3-x1TRoHfL_8hYVuPnU6xsazJts9zV7q_iXjDnX_OF0SHADtq9aTIIzkCcNNpDALa4cNoD2Ad8nlI4WURIjMB3jpCqsirKtapjVs8Wcjsth8-AoKpO31egI7SumEqFaX-mPunz7W65L057BdQx=w640-h427-no\" width=\"640\" height=\"427\" \/><\/p>\n<p>Unser Teilnehmer Marco hatte sich leider am Fu\u00df verletzt, so dass er zum Hochsprung mit Apchagi nicht antreten konnte. Entsch\u00e4digt wurden wir alle durch die Er\u00f6ffnungsfeier, wo das Kukkiwon Demoteam eine fantastische Vorf\u00fchrung zeigte. Das Team steigert sich von Mal zu Mal und ist sicherlich das beste Demoteam der Welt. Professor Lee Kyu Hyung, vielen von euch von seinem Aufenthalt mit dem Keimyong Team in Wien bekannt, hatte uns ja schon im Kukkiwon in Seoul als neuer Kukkiwon-Direktor empfangen und hielt hier in Vertretung des Kukkiwon-Pr\u00e4sidenten die Er\u00f6ffnungsrede. Nach den Vorf\u00fchrungen fuhren wir nach Gyeongju zur\u00fcck.<\/p>\n<p><strong>Auf Wiedersehen!<\/strong><\/p>\n<p>Nachdem sich ein Teil unserer Gruppe schon gestern in Gyeongju verabschiedet hat (Bernhard und Familie fahren noch nach Gwangju und kommen in etwa drei Tagen zur\u00fcck) ist heute der letzte Teil der Reiseteilnehmer nach Hause geflogen. Um 10.30 Uhr wurden sie von Dr. Mosch im Hotel abgeholt (Marco hat verschlafen und musste extra geweckt werden - er wollte nicht erz\u00e4hlen, wo er gestern Nacht noch war \ud83d\ude42 und zum nahe gelegenen Flughafen Incheon gebracht.<\/p>\n<p>Anschlie\u00dfend wurde Dr. Mosch von Vizepr\u00e4sidenten von LaJust abgeholt und zu einer Fertigungsbesichtigung nach Bundong gefahren. Dort wurde die neueste Generation der elektronischen Kampfwesten (jetzt auch mit elektronischem Kopfsch\u00fctzer!) vorgef\u00fchrt, die unter der Marke \"I-Cross\" in K\u00fcrze auf dem Markt sein wird. Es handelt sich dabei um genau dasselbe Produkt wie jenes, welches als \"KP&amp;P\" verkauft wird. Zwar hat \"I-Cross\" keine WTF-Zulassung, wendet sich aber mit einem g\u00fcnstigeren Preis an Organisatoren von lokalen Meisterschaften und an Vereine, welche mit dem KP&amp;P-System billiger trainieren wollen. In ein paar Monaten werden wir ein Referenzsystem auch bei uns haben.<\/p>\n<p>\u00dcbermorgen fliegt Dr. Mosch dann f\u00fcr eine Woche nach Saipan, bevor es am 10. September wieder zur\u00fcck nach Wien geht. Ein Gru\u00df an alle Daheimgebliebenen und vielleicht Teilnehmer bei der n\u00e4chsten Trainingsreise - dann wollen wir ein Team beim Hanmadang oder einem anderen Taekwondo-Festival stellen!<\/p>\n<p>\u00a0<\/p>\n<p><a href=\"https:\/\/photos.google.com\/album\/AF1QipPMc76sMQT-PpLnwIFcq5p-6N1Euat8Z7CfvLBv\" target=\"_blank\" rel=\"noopener\">Eine Fotogalerie dazu gibt es hier<\/a>, hier sehr ihr <a href=\"https:\/\/youtu.be\/Ha_rz7fQkMM\" target=\"_blank\" rel=\"noopener\">ein Video vom Hanmadang <\/a>und <a href=\"https:\/\/youtu.be\/aIX9gkkuiaE\" target=\"_blank\" rel=\"noopener\">den\u00a0Arirang Games in Pyongyang<\/a>\u00a0.<\/p>\n<\/div>\n<\/div><\/div><\/div><\/div><\/div><\/div>","protected":false},"excerpt":{"rendered":"<p>Eine Trainingsreise der besonderen Art!Das war noch nie da: normalerweise f\u00fchren uns unsere Trainingsreisen nach S\u00fcdkorea, wo wir exzellente Verbindungen haben und Land und Leute sehr gut kennen. In der Vergangenheit waren wir auch in China, wo wir verschiedene St\u00e4dte und ber\u00fchmte Sehensw\u00fcrdigkeiten besuchten. Gro\u00dfmeister Chen Shihong hat uns die T\u00fcren in den weltber\u00fchmten Shaolin-Tempel [&hellip;]<\/p>\n","protected":false},"author":1,"featured_media":0,"parent":753,"menu_order":0,"comment_status":"closed","ping_status":"closed","template":"page-templates\/page_fullwidth.php","meta":{"footnotes":""},"class_list":["post-985","page","type-page","status-publish","hentry"],"_links":{"self":[{"href":"https:\/\/www.mudokwan.at\/mudowp\/wp-json\/wp\/v2\/pages\/985","targetHints":{"allow":["GET"]}}],"collection":[{"href":"https:\/\/www.mudokwan.at\/mudowp\/wp-json\/wp\/v2\/pages"}],"about":[{"href":"https:\/\/www.mudokwan.at\/mudowp\/wp-json\/wp\/v2\/types\/page"}],"author":[{"embeddable":true,"href":"https:\/\/www.mudokwan.at\/mudowp\/wp-json\/wp\/v2\/users\/1"}],"replies":[{"embeddable":true,"href":"https:\/\/www.mudokwan.at\/mudowp\/wp-json\/wp\/v2\/comments?post=985"}],"version-history":[{"count":5,"href":"https:\/\/www.mudokwan.at\/mudowp\/wp-json\/wp\/v2\/pages\/985\/revisions"}],"predecessor-version":[{"id":990,"href":"https:\/\/www.mudokwan.at\/mudowp\/wp-json\/wp\/v2\/pages\/985\/revisions\/990"}],"up":[{"embeddable":true,"href":"https:\/\/www.mudokwan.at\/mudowp\/wp-json\/wp\/v2\/pages\/753"}],"wp:attachment":[{"href":"https:\/\/www.mudokwan.at\/mudowp\/wp-json\/wp\/v2\/media?parent=985"}],"curies":[{"name":"wp","href":"https:\/\/api.w.org\/{rel}","templated":true}]}}